1 - (-6 + (-2 - -5 - 1))
-5
Evaluate -19 - (-24 + (-4 - -23)).
-14
What is the value of 0 - ((15 - -3) + -6)?
-12
What is the value of (6 + 1 - 11) + (3 - (11 - 4))?
-8
What is 0 - ((7 - 2) + -4 + (-4 - -9))?
-6
Calculate -4 - -1 - (5 - (3 + (0 - -7))).
2
Calculate -2 - 0 - ((3 - -8) + -18 + 16).
-11
What is 106 - 92 - (3 - (-45 + 4))?
-30
Evaluate 8 + -6 - (3 - 8).
7
Calculate -61 + 65 + (2 - 2) + -6 + -1.
-3
What is 10 + (-18 + -9 - 6) - -1?
-22
Evaluate -47 + (-8 - 8 - -16) - -15.
-32
Calculate (4 - -4) + (-16 - -12) + -4 + 1.
1
What is the value of -10 + -11 + 31 - 5 - (36 + -3)?
-28
What is the value of -10 - (34 - (17 + (-11 - (1 + -5))))?
-34
What is the value of (-459 - -462) + (0 - 0) + -3 + 5?
5
What is the value of -19 + 9 + -15 + 10 + 23?
8
What is the value of -264 + 262 - (-23 + 1)?
20
Evaluate (25 - 10 - 9) + -6.
0
Calculate -9 + 3 + (-3 - -1 - -11).
3
3 + -9 + -5 + 7 + 5
1
Calculate (2 - 4) + 9 - (-16 + 18).
5
Evaluate -384 + 380 + -1 + 34 + 0 + 3.
32
Evaluate 16 + (15 - 37) + -2 + (-1 - 4).
-13
Calculate -18 + (-1 - (-2 + -10)).
-7
(15 - 1) + -27 + 19
6
(-36 - (-38 + 14 - 3)) + -12 + 0
-21
Calculate -3 + -1 + (-17 - (66 + -111)).
24
2 + 2 - (-1 + 1 + 5 - 14)
13
Evaluate -6 - (15 + -7) - -20.
6
What is 6 - (-92 - -95 - (-2 + 3 - -9))?
13
Calculate 0 + 32 + (542 - 577).
-3
-39 + (40 - -1 - -27)
29
What is the value of 23 + -11 + (57 - 35)?
34
Evaluate -20 + -37 + 89 - 69.
-37
What is the value of 0 - 5 - (25 + -18) - -3 - -5?
-4
What is the value of 2 + -2 + 10 - (-52 - -57)?
5
(-8 + 16 + 1 - -7) + 3
19
What is the value of 18 - -15 - 33 - (-17 + 0 - 2)?
19
(-30 - -46) + -9 + 0
7
(-11 - (2 + -9)) + 18
14
What is the value of 51 - (14 + 12) - 27?
-2
What is the value of (-5 - (-1 - 1) - -2) + 142 + -139?
2
Calculate 5 + 1 - (-7 - (0 - 7)).
6
Evaluate 14 + -6 + -10 + 7 + 7.
12
Evaluate 3 - (-7 - ((4 - 3) + -13)) - 6.
-8
Evaluate -2 - -11 - (32 - 14).
-9
What is -14 + (2 + 22 - 35)?
-25
What is the value of -13 + -1 + 1 + 7 + (-3 - 0)?
-9
What is -20 + 6 + 9 + -5?
-10
What is the value of 6 + -8 + (-5 + (-2 - -6) - 4)?
-7
(12 - 4) + -1 + -3 + -12
-8
Calculate 0 + 23 - (6 + (-14 - -13)).
18
Evaluate (12 - (14 - -8)) + 6 - -33.
29
Evaluate -5 - (-3 + 3) - (-19 + (6 - 1)).
9
What is -10 + (54 - 73) + (1 - -4)?
-24
What is (-1 - (7 + 3)) + 3 - (-6 + -11)?
9
Calculate (-57 - (-3 + -13 + 2)) + 15.
-28
Calculate 1 + -6 + 1 - (38 + -78 + 41).
-5
What is 3 - ((-8 - (-14 + 1)) + (4 - 15))?
9
Evaluate 2 - (9 - (9 - 10)) - -12.
4
(29 - 4) + (-165 - -161)
21
Calculate -26 - 0 - (51 - (27 + 38)).
-12
What is the value of 0 + (-6 - (-4 + 9))?
-11
Calculate -9 + (0 - (-5 + 7)) - (1 - -5).
-17
-21 + (-5 - -12) - (124 - 141)
3
What is the value of 14 + (-29 - -27) + -17?
-5
What is 8 - 20 - (-20 - -9)?
-1
Calculate 16 + -29 + 5 + (18 - -2 - -2).
14
Evaluate -29 + (-31 - 0 - -45).
-15
What is the value of 25 + (-6 - (6 + (-13 - -4)) - -3)?
25
-21 + (75 + -39 - 35)
-20
Calculate (-43 - -32) + 9 + 0 - 22.
-24
What is (-1 + 2 - (-9 - -19)) + -3?
-12
What is (16 - (9 - 3)) + 5 + 0 + -3?
12
8 - (-7 - 17 - -31)
1
Evaluate -9 + (-11 - -15) + 7.
2
What is the value of (6 + (4 - 11) - 3) + 2?
-2
Calculate -3 + 36 - (-180 + 235).
-22
What is the value of (21 - 10 - 24) + -3 + (4 - -2)?
-10
Calculate -3 + (-1 - -4 - (-5 - (-16 - -8))).
-3
Evaluate -5 + 0 + -8 - (-32 - -5).
14
Calculate 1 + 2 + (25 - 37).
-9
9 + -5 - (52 - ((30 - 8) + -9))
-35
What is -77 - -81 - (0 - -2)?
2
What is (8 - -5 - 11) + 14?
16
Evaluate -3 + 15 + (-31 - (-10 + -27)).
18
What is (3 - -4) + 5 + -10 + 8 + 0?
10
What is 6 + (1 - -3 - (-10 + 13 + -5))?
12
Calculate (7 - 21 - -22) + 2 + 9.
19
3 + 2 + -3 + 41 + -36
7
Evaluate (48 + -30 - -14) + -9.
23
Calculate 31 - (-23 - -29 - -46).
-21
Calculate -28 - (-21 + (0 - -10)) - -5.
-12
Evaluate (-676 - -671) + -9 + -2.
-16
Calculate -325 + 351 + (-1 - 12).
13
What is the value of 1 + -1 + 2 + -1 + 1 - 13?
-11
Calculate 5 - (6 - (-2 - -9 - (-17 - -33))).
-10
Calculate -4 + -14 + -4 + (-4 - (0 + -7)).
-19
Evaluate -4 + 5 + (7 - (13 - 1)) + 9.
5
Calculate 27 + -22 + 25 + -14.
16
(0 - 9) + 22 - 24
-11
Evaluate 9 + (-6 - 0) + 3 + -2 + 10.
14
-6 + -2 + 3 + 6 + 6 - 11
-4
Evaluate 67 + -57 - (-5 + -4).
19
Evaluate -4 + (13 + -16 - -1).
-6
What is the value of 0 + 1 + (231 - 209) - 6?
17
What is the value of -4 - (-26 + -1) - (4 - -2)?
17
(-1 - -2) + 10 - (39 + -27)
-1
Calculate -19 + 13 + 5 + -3 + 3 + -5.
-6
What is the value of -2 - (11 + (3 - 24))?
8
What is the value of (4 - (22 + 11 + -27)) + 4?
2
Calculate (-18 - -39) + 1 + -18.
4
What is 0 + -19 + (27 - 14) - 6?
-12
Evaluate 17 - (21 + (-6 - 0)).
2
What is 7 + (-7 - (-6 - (11 + -6) - 0))?
11
(40 - 13) + -6 + -2
19
What is the value of -2 + -1 + (-51 - (34 - 97)) - 35?
-26
Evaluate 13 - 11 - (13 + (15 - 38)).
12
(5 + -1 - 10) + 7 + -8 + -8
-15
Calculate (7 - 42) + (34 - 11).
-12
What is (-13 + 24 - 13) + -9 + 0?
-11
What is (-7 - -3 - -32) + -39?
-11
What is 2 - 0 - (-218 + 207) - 1?
12
What is the value of 3 + 8 + 0 + -15 + (-5 - 0)?
-9
2 + -23 + 0 + 3 - -11
-7
What is the value of (-18 - -36) + -18 + 8?
8
5 + (5 + -10 - (2 + -2))
0
Evaluate (-129 - -130) + (22 + 0 - -3).
26
What is (-4 - (4 + -9) - 9) + -3 + 24?
13
What is the value of 0 + -18 + 22 + 1?
5
Evaluate 1 + 3 + 1 + -6 + 0 + 3.
2
-2 - ((-2 + -22 - -5) + 7)
10
What is the value of -4 - (7 + -15 + -2 - 9)?
15
Evaluate (6 - 1) + -48 + 39 + -4.
-8
Calculate 3 - (28 + -24 + 18).
-19
Evaluate -8 - ((-4 - 2) + -8) - (-13 - -5).
14
(-21 - (-27 - -5)) + 3
4
Evaluate -16 + (12 - 8) + 11.
-1
What is the value of -28 - (-5 + -22 - -14)?
-15
What is the value of 4 + (2 - 1 - (12 - 8)) - -7?
8
What is the value of 11 + (15 - 44) + 5 - 18?
-31
Evaluate -161 + 174 + (-39 - -5).
-21
Evaluate 14 - 1 - (-49 + 55).
7
Evaluate 8 - (2 + 0 + 4 + -5).
7
Calculate 1 - -19 - (16 - (12 + 11 - 15)).
12
Evaluate (-13 - -9) + -23 + 21.
-6
What is -8 - ((27 - (21 - -1)) + (3 - 9))?
-7
What is (-2 - 24) + (-330 - -338)?
-18
What is the value of -1 + (-62 - (-20 + -21))?
-22
What is the value of 25 - (-3 + 5 + 10)?
13
Calculate -60 + 33 + (2 - -47).
22
What is the value of 8 - (31 - (10 + 6))?
-7
60 - 53 - (3 + -4 + 4 - -3)
1
Calculate 15 + -11 + 22 + -25.
1
-7 + -5 + (3 - 0) + 19
10
What is the value of (151 - 175) + (1 - -8)?
-15
What is the value of -7 - -7 - (3 - 10 - -1)?
6
Calculate 21 - (-11 - (-16 + -11)).
5
Calculate -4 - (-20 + (13 - 4) + (4 - -2)).
1
What is the value of -6 + (-2 - -8) + -14 + 24?
10
Evaluate 4 + -12 - (-38 - (-2 + 2 + -7)).
23
Calculate (14 - 40) + -37 + 49.
-14
-1 - -1 - (13 - (4 + 4)) - -1
-4
1340 - 1328 - (1 - 0)
11
2 + (45 - 25) + -44
-22
Calculate (-4 - (-6 - (6 + -21 - -7))) + 6.
0
5 + 7 - (-5 - ((-5 - -5) + -4))
13
Calculate -3 + (-8 - (16 + -36)).
9
Calculate (13 + 0 - 8) + 11.
16
What is the value of 81 + -31 + (-22 - 3)?
25
What is (34 - (-5 + 13)) + -10 - -11?
27
What is (3 - 3) + -8 + (9 + 14 - -8)?
23
What is -5 + 25 - (23 - -18)?
-21
Evaluate (21 - (36 - 30)) + -4.
11
What is -21 + (-21 - -8) + 20?
-14
Calculate -1 + 3 + (-6 + 6 - 0).
2
-21 + (-1 - -6) - -10
-6
What is the value of -3 - 9 - -3 - -16?
7
-13 - ((-2 - 15) + (6 - 0))
-2
What is the value of 2 + -3 + 3 - ((8 - 8) + 4)?
-2
Calculate (-2 - -16) + 33 + -27.
20
-25 + 2 + -4 + (50 - 42)
-19
-3 + 11 + -16 - -6 - (-1 - 18)
17
What is -1 + 7 + 8 + -16 + -8 + 9?
-1
Calculate 43 - -1 - (181 - 165) - -4.
32
Calculate -10 - ((-16 - -3) + 6) - 4.
-7
What is 8 + -6 + -97 + 70?
-25
What is the value of -27 + 13 + -5 + 5?
-14
Evaluate 9 - -2 - 23 - -5.
-7
What is the value of -4 + (-6 + 11 - (-7 + 18) - -7)?
-3
What is -7 - (-251 + 269 - (0 - (1 + -2)))?
-24
Calculate 28 + 24 - 26 - 49.
-23
What is -24 - (-31 + 36) - -55?
26
What is (0 - 1) + -6 - ((-68 - -27) + 41)?
-7
What is 20 - (32 - 7) - (-9 + 2 + 0)?
2
What is the value of (-10 + 37 - 28) + 16?
15
Evaluate (0 - 0) + 3 + -54 + 121 + -54.
16
What is the value of 29 + -18 + (-1 - 5 - -12)?
17
(13 - 1 - -9) + (-11 - -3)
13
Calculate (-7 - 2) + (0 - -20).
11
What is the value of 5 + -2 + -17 + 12 + (-14 - -21)?
5
Evaluate 2 + (-1 - 1) + 12 + -9.
3
What is 21 + (-4 - 1 - 0) - (16 + -12)?
12
Calculate 4 + -7 + 34 + -20.
11
What is -9 - (-8 + 18 - 3)?
-16
Calculate 8 + -13 - -20 - (9 - (0 + 2)).
8
Evaluate 1 - (11 + -8) - -13.